{"id":18,"date":"2011-12-10T13:12:35","date_gmt":"2011-12-10T12:12:35","guid":{"rendered":"http:\/\/kaabo.noblogs.org\/?page_id=18"},"modified":"2011-12-12T12:55:23","modified_gmt":"2011-12-12T11:55:23","slug":"ceneri","status":"publish","type":"page","link":"https:\/\/kaabo.noblogs.org\/?page_id=18","title":{"rendered":"Ceneri"},"content":{"rendered":"<h5 align=\"JUSTIFY\"><span style=\"font-size: small\">EDITORIALE DALLA CENERE<\/span><\/h5>\n<p align=\"JUSTIFY\">\n<p align=\"JUSTIFY\">\u201c<span style=\"font-size: small\">Dalla cenere\u201d \u00e8 il nuovo giornalino studentesco a cura del collettivo autorganizzato di agraria.<\/span><\/p>\n<p align=\"JUSTIFY\"><span style=\"font-size: small\">Questo progetto nasce dall\u2019esigenza di alcuni student* di agraria di poter informarsi in maniera alternativa rispetto ad alcuni argomenti di attualit\u00e0 che coinvolgono soprattutto temi ambientali.<\/span><\/p>\n<p align=\"JUSTIFY\"><span style=\"font-size: small\">Il collettivo inoltre crea momenti di socialit\u00e0 e di informazione al di fuori delle logiche del profitto e del capitalismo che sempre di pi\u00f9 caratterizzano la nostra epoca.<\/span><\/p>\n<p align=\"JUSTIFY\"><span style=\"font-size: small\">Attraverso pratiche di riappropriazione, degli spazi vogliamo creare un nuovo modo di vivere la facolt\u00e0, che sia dettato da noi student*.<\/span><\/p>\n<p align=\"JUSTIFY\"><span style=\"font-size: small\">Attraverso proiezioni e altre iniziative vogliamo portare un\u2019informazione critica e consapevole all\u2019interno della facolt\u00e0.<\/span><\/p>\n<p align=\"JUSTIFY\"><span style=\"font-size: small\">Sono tanti gli esempi all\u2019interno di quest\u2019ultima che si possono citare a sostegno del fatto che gli insegnamenti impartiti al suo interno sono dettati dalle grandi multinazionali che utilizzano il nostro ateneo come centro di sperimentazione per aumentare i loro profitti.<\/span><\/p>\n<p align=\"JUSTIFY\"><span style=\"font-size: small\">Ne sono un esempio il libri stampati dalla \u201cbayer\u201d per lo studio della fitopatologia.<\/span><\/p>\n<p align=\"JUSTIFY\"><span style=\"font-size: small\">Alcuni ricercatori testimoniano che senza i finanziamenti delle multinazionali la ricerca non andrebbe avanti.<\/span><\/p>\n<p align=\"JUSTIFY\"><span style=\"font-size: small\">Noi vogliamo un\u2019istruzione che sia pubblica e non mantenuta in vita da finanziamenti di enti privati.<\/span><\/p>\n<p align=\"JUSTIFY\"><span style=\"font-size: small\">L\u2019assemblea \u00e8 strutturata in maniera orizzontale aperta a qualunque intervento, rifiutiamo le logiche partitiche che prevedono una scala gerarchica all\u2019interno dell\u2019organizzazione delle nostre assemblee e delle nostre iniziative.<\/span><\/p>\n<p align=\"JUSTIFY\"><span style=\"font-size: small\">Vogliamo creare iniziative contro una crisi che avanza ed \u00e8 sempre pi\u00f9 incombente.<\/span><\/p>\n<p align=\"JUSTIFY\"><span style=\"font-size: small\">Per questo ci siamo fatti promotori di alcuni pranzi sociali organizzati nel cortile dell\u2019ateneo in cui ogni studente aveva l\u2019opportunit\u00e0 di mangiare dando un\u2019offerta libera.<\/span><\/p>\n<p align=\"JUSTIFY\"><span style=\"font-size: small\">Inoltre tramite la nostra attivit\u00e0 creiamo numerose opportunit\u00e0 per apprendere e conoscere nuove realt\u00e0 in modo totalmente gratuito.<\/span><\/p>\n<p align=\"JUSTIFY\">\n<h5>INVITIAMO TUTTI E TUTTE A PARTECIPARE ALLE ASSEMBLEE CHE SI TENGONO OGNI MERCOLEDI ALLE 13:00 NEL CORTILE DELLA FACOLTA\u2019 DI AGRARIA<\/h5>\n","protected":false},"excerpt":{"rendered":"<p>EDITORIALE DALLA CENERE \u201cDalla cenere\u201d \u00e8 il nuovo giornalino studentesco a cura del collettivo autorganizzato di agraria. Questo progetto nasce dall\u2019esigenza di alcuni student* di agraria di poter informarsi in maniera alternativa rispetto ad alcuni argomenti di attualit\u00e0 che coinvolgono soprattutto temi ambientali. Il collettivo inoltre crea momenti di socialit\u00e0 e di informazione al di&hellip;<\/p>\n","protected":false},"author":4539,"featured_media":0,"parent":0,"menu_order":0,"comment_status":"open","ping_status":"open","template":"","meta":{"footnotes":""},"class_list":["post-18","page","type-page","status-publish","hentry"],"_links":{"self":[{"href":"https:\/\/kaabo.noblogs.org\/index.php?rest_route=\/wp\/v2\/pages\/18","targetHints":{"allow":["GET"]}}],"collection":[{"href":"https:\/\/kaabo.noblogs.org\/index.php?rest_route=\/wp\/v2\/pages"}],"about":[{"href":"https:\/\/kaabo.noblogs.org\/index.php?rest_route=\/wp\/v2\/types\/page"}],"author":[{"embeddable":true,"href":"https:\/\/kaabo.noblogs.org\/index.php?rest_route=\/wp\/v2\/users\/4539"}],"replies":[{"embeddable":true,"href":"https:\/\/kaabo.noblogs.org\/index.php?rest_route=%2Fwp%2Fv2%2Fcomments&post=18"}],"version-history":[{"count":3,"href":"https:\/\/kaabo.noblogs.org\/index.php?rest_route=\/wp\/v2\/pages\/18\/revisions"}],"predecessor-version":[{"id":30,"href":"https:\/\/kaabo.noblogs.org\/index.php?rest_route=\/wp\/v2\/pages\/18\/revisions\/30"}],"wp:attachment":[{"href":"https:\/\/kaabo.noblogs.org\/index.php?rest_route=%2Fwp%2Fv2%2Fmedia&parent=18"}],"curies":[{"name":"wp","href":"https:\/\/api.w.org\/{rel}","templated":true}]}}